-12)*(-6)/(-10)*-2. Suppose 4*t - 266 = -3*x + 49, 252 = c*t - 3*x. What is the units digit of t?
1
Let k be 1/4 - (-411)/(-12). Let n = k - -52. What is the tens digit of n?
1
Let w = -7607 + 10869. What is the hundreds digit of w?
2
Suppose 0*x - 4*x + i + 7393 = 0, -i - 3697 = -2*x. What is the hundreds digit of x?
8
Let c be 8/16 + 3/2. Let s(t) = 0*t**3 + t**3 + 7 + 1 - 16*t + 15*t**c - 31*t**2. What is the tens digit of s(17)?
2
Suppose 0 = t - 5*h - 2036, 3732 + 4444 = 4*t - 4*h. What is the tens digit of t?
4
Let g be (-1)/(2/(-7))*-4. Let f = -5 - g. Let s = f - 4. What is the units digit of s?
5
Let u(j) = -j**2 + 8*j + 12. Let s be u(8). What is the units digit of s/(-16)*-2*20?
0
What is the hundreds digit of 3/((-3)/(-271)) - 2?
2
Suppose 28*r - 3619 = 70469. What is the thousands digit of r?
2
Let i(z) = 4*z**2 + 8*z + 5. Let y be i(-4). Suppose y*c - 33*c - 100 = 0. What is the units digit of c?
5
Suppose 3*l - 2*u - 1080 = 2357, -4*l + 5*u + 4585 = 0. What is the hundreds digit of l?
1
Let w(n) = n**2 + 2*n - 3. Let u be w(-5). Let p be 9/((-2)/(u/(-9))). Suppose p*v = k + 2*v + 8, 60 = 5*k + 5*v. What is the units digit of k?
8
Suppose -2*i + 8 = 0, 0*i + i + 386 = 5*g. Suppose h = -2*h + g. What is the tens digit of h?
2
Let m = 6784 - 4353. What is the tens digit of m?
3
Let w(y) = -23*y + 4. Let n be w(-13). Suppose -4*x + n - 39 = 0. What is the tens digit of x?
6
Let l = -1553 - -2528. What is the tens digit of l?
7
Let v(k) = k**2 + 8*k + 13. Let n be (44/55)/(4/10). Suppose 0 = -2*r - n*i - 16, 0 = -5*i + 5 + 5. What is the units digit of v(r)?
3
Suppose -414*m + 415*m = 269. What is the units digit of m?
9
Let s(b) be the third derivative of 3*b**6/20 + b**5/60 + b**4/24 - b**3/6 - 2*b**2. What is the tens digit of s(1)?
1
Let o(h) = -h**3 + 16*h**2 + 15*h - 7. Let s(p) = -2*p**3 + 31*p**2 + 31*p - 14. Let j(w) = -5*o(w) + 3*s(w). What is the tens digit of j(14)?
4
Let p be 1 - -2 - (0 + 0). Suppose -2*u + 63 = -5*r, p*r - 174 = -5*u - r. What is the tens digit of u?
3
Let w(y) = y**2 + 6*y + 2. Suppose 4*j + 0*m + 4*m + 4 = 0, -2*j + 2 = 4*m. Let g be w(j). What is the units digit of 12/14*(g + 35)?
4
Let f = 24 + -9. Let v = -10 + f. Suppose u - v*u = -80. What is the tens digit of u?
2
Let x = 37 + 31. Let r = x - 31. What is the units digit of r?
7
Let s(i) = i**3 - 13*i**2 + 2*i + 15. Let v = 21 - 8. Let g be s(v). Suppose 5*t - 146 = -g. What is the tens digit of t?
2
Let p = -210 + 239. Suppose -153 = 4*q + 7. Let h = p - q. What is the tens digit of h?
6
Let w(l) = -3*l**3 + 4*l**2 + l - 7. Let s be w(-3). Let c = 197 - s. What is the units digit of c?
0
Let o be ((-4)/(-5))/((-4)/(-1340)). Suppose 0 = -2*g - 2*i + 324 - 68, 0 = -2*g - 5*i + o. What is the units digit of g?
4
Let l(k) = -7*k**2 - 6*k - 13. Let m(t) = t**2 + t + 1. Let h(f) = l(f) + 6*m(f). Let r be h(-8). Let c = r + 116. What is the units digit of c?
5
Let c be 3 + (-1 - 0/4). Suppose -2*j + 11 = 5*s, -2*s = -4*j + c*s - 20. What is the tens digit of (26/4)/(j/(-8))?
2
Let j = 550 + -79. What is the hundreds digit of j?
4
Let j(c) = -595*c**3 - 2*c**2 - 5*c - 4. What is the units digit of j(-1)?
4
Suppose -3*t - 3*n - 25 = -5*t, 0 = t + 5*n - 6. Suppose -5*y + 61 = t. What is the tens digit of y?
1
What is the hundreds digit of (-1 + 5)/(11/14003)?
0
Let j = -124 - -36. Let l = 139 + j. What is the tens digit of l?
5
Let a(w) = w**3 - 11*w**2 - 8*w + 23. Let d be a(11). Let t = 342 + d. What is the units digit of t?
7
Suppose 5*s = 2*f + 8, 4*s - 2*s + 4*f + 16 = 0. Suppose s = -7*r + 4*r. Suppose -6*m + r*m = -276. What is the units digit of m?
6
Suppose 603 = 9*w + 189. What is the tens digit of w?
4
Suppose -3*q + 5*q = 8. Suppose 2*n - 3*n - 3*a + 64 = 0, 4*n - q*a - 208 = 0. What is the units digit of n?
5
Let d(f) = 382*f**2 + 16*f - 25. What is the hundreds digit of d(3)?
4
Let i(p) = -p**2 + 6*p - 16. Let j(r) = r + 1. Let y(u) = -i(u) - 4*j(u). Let x be y(9). What is the tens digit of (-2)/(-1) - (-47 + x)?
4
Let d(n) = -n**3 + 43*n**2 + 114*n + 45. What is the thousands digit of d(45)?
1
Suppose -2*d + 51 = -v, -d = d - 3*v - 53. Let u = -41 + d. Let x = 19 + u. What is the units digit of x?
3
Let y be 3*(-2)/6 + 7. Let l be (-8 + 6)*y/(-4). What is the tens digit of l*(-4 + (-213)/(-9))?
5
Suppose -55 = -5*d + 35. Let b = 43 + -15. Let s = b - d. What is the units digit of s?
0
What is the units digit of (-8 + (-784)/(-21))*12?
2
What is the hundreds digit of ((-117)/(-18))/((-3)/(-1746))?
7
Suppose -3*l + 5*k = 16, -1 = 5*l + k + 7. Let h(n) = -4*n - 5. Let p be h(l). What is the units digit of 97/4 + p/(-12)?
4
Let q = 6 + -28. Let v(s) = -2*s**2 + 23*s + 12. Let z be v(14). Let w = q - z. What is the tens digit of w?
3
Let i(y) be the first derivative of y**3 + 15*y**2/2 + 2*y - 12. What is the tens digit of i(-11)?
0
Suppose -22*n + 6 = -60. Let m(j) = 3*j**2 - j + 1. Let t be m(1). Suppose n*u - 4*f - 47 = 0, t*f + f = 5*u - 65. What is the units digit of u?
9
Let c(o) = -8*o**2 + 5*o + 20. Let b(w) = 4*w**2 - 2*w - 10. Let f(g) = -5*b(g) - 3*c(g). What is the units digit of f(-3)?
1
Let o = 6 - 16. Let g(d) = -2*d + 4. Let k be g(o). Suppose 3*m - 14 = 4*w, -3*m + m = w - k. What is the tens digit of m?
1
Let x(k) = 0 - 16*k + 14*k + 3 + 26*k. What is the tens digit of x(2)?
5
Suppose 3*m + 6 - 12 = 0. Suppose y - 13 - 22 = u, -m*y = u - 58. Let s = y - -18. What is the units digit of s?
9
What is the tens digit of ((68019/2)/21)/((-2)/(-4))?
3
What is the hundreds digit of (5 + 40)/(4/44*1)?
4
Suppose -7*y = y - 16. Suppose -5*i + y*w = -676, -3*w = -0*i + 5*i - 661. What is the hundreds digit of i?
1
Let m = -28 + 118. Suppose x = -3*f + 130, 2*f - m = 2*x - x. What is the tens digit of f?
4
Suppose -4*x + 63 = -3*u, 0*u = -3*x + u + 41. Suppose -x*q + 828 = -6*q. What is the hundreds digit of q?
1
Let u(s) = 289*s - 154. What is the tens digit of u(12)?
1
Let t be (2/3)/(28/2058). Suppose 5*g = 131 + t. What is the tens digit of g?
3
Let g = -139 + 247. What is the units digit of g?
8
What is the tens digit of -2 + 405 - (-8 + 5 + 7)?
9
Let n(s) = -2*s - 8. Let d be n(-8). Suppose 11*a - 135 = d*a. Suppose 11 = 2*f - a. What is the units digit of f?
8
Let k be (-1800)/39 + (-4)/(-26). What is the units digit of ((-2)/(-4) - 4)*k?
1
Let w(x) = 2*x**3 - 7*x**2 + 2*x - 2. Let n be w(5). Suppose m - 115 = n. Suppose -4*y = -m + 34. What is the tens digit of y?
4
Let k(z) be the third derivative of -z**4/6 + 4*z**3/3 + 3*z**2 - 3*z. Let f = -22 - -16. What is the units digit of k(f)?
2
Let l = -12 + 12. Suppose -5*c + 468 - 143 = l. What is the units digit of c?
5
Let x = 142 + -125. Suppose -51 - 37 = -2*w. Let j = w - x. What is the units digit of j?
7
Suppose -d = -0*d - 44. Suppose 2*i + d = 112. Let t = 80 - i. What is the tens digit of t?
4
Let j be 92/(-5) - 6/(-15). Let y(a) be the third derivative of -a**4/12 - 31*a**3/6 - 37*a**2 + 2*a. What is the units digit of y(j)?
5
Let c(p) = 1840*p**2 + 161*p. Let f(x) = -3 + 23*x**2 + 6 + 2*x - 3. Let h(t) = -2*c(t) + 161*f(t). What is the tens digit of h(-1)?
2
What is the thousands digit of ((-5745)/(-6))/(2/12)?
5
Let h be (-232)/(-12) - (4/(-6) + 0). Suppose r = 4, u + 4*r + h = 92. What is the tens digit of u?
5
Let o(p) = -p**3 + 2*p - 5. Let v be o(-3). Let l = 20 - v. Suppose -f + 2 + l = 0. What is the units digit of f?
6
Let s(n) = -n + 32. Let a be s(20). Suppose 13*k = a*k + 71. What is the units digit of k?
1
Let p = 2717 - 1778. What is the units digit of p?
9
Let p(s) = -8*s. Let h be p(-2). Suppose -3*k + 14 = -h. Let i = k - -2. What is the units digit of i?
2
Let v(f) = -34*f**2 + 21*f + 10 + 2*f + 33*f**2. What is the hundreds digit of v(10)?
1
Let x(h) = h**2 - 34*h + 143. What is the tens digit of x(53)?
5
Let o(z) = -26*z - 63. What is the tens digit of o(-16)?
5
Let p(t) = 9*t - 32. Let l(y) = -26*y + 97. Let q(u) = -3*l(u) - 8*p(u). Let g(d) = -5*d + 35. Let x(r) = 5*g(r) + 4*q(r). What is the units digit of x(11)?
4
Let l be -3 - (0 + -1 + 12). Let r = l + 14. Suppose -4*n + 14 + 2 = r. What is the units digit of n?
4
What is the thousands digit of 26898/8 + (-125)/100?
3
Let x(h) = h**2 + 8*h + 29. What is the units digit of x(-10)?
9
Let y(n) = 1